-b - 14 = 4*d, -2*b - 7 = 3*d + 6. What is the hundreds digit of b + (-96)/(-45) - (-48496)/105?
4
Let x = 11 + -5. Suppose d = c - 5, 2 = -2*d - x. What is the tens digit of 1715/25 + (-3)/5 - c?
6
Suppose -11*i + 15*i = 8788. Let w = -1253 + i. What is the hundreds digit of w?
9
Let k be 8498/21*(-9)/(-6). Let v be k + -1 - (-7)/(7/4). Suppose -4*w = 5*t - v, -6*w + 2*w = -t - 622. What is the hundreds digit of w?
1
Suppose 0*c + 3*c - 3*x = 1257, -5*x = -c + 439. Suppose 2190 = -3*r + 8*r - 4*w, 0 = r + 4*w - c. What is the hundreds digit of r?
4
Let n be 1682/(3/126*7). Suppose 11223 = 35*t - n. What is the hundreds digit of t?
6
Suppose 68*o = 3*p + 66*o - 37247, 3*o - 62072 = -5*p. What is the units digit of p?
5
Let m(y) = -y**2 + 9*y - 9. Let h = 87 + -80. Let i be m(h). Suppose 5*l + u = -4*u + 565, 5*u = -i. What is the units digit of l?
4
Let f(v) = -13*v - 73. Let a(y) be the second derivative of -13*y**3/6 - 73*y**2/2 + 6*y. Let c(g) = 4*a(g) - 5*f(g). What is the tens digit of c(14)?
5
Suppose -9898 = -4*r - 7*h + 2*h, r + 2*h - 2476 = 0. What is the units digit of r?
2
Let v(m) = -m - 5. Let h be v(-9). Let l be (2 - -2)*(h + 42/(-12)). Suppose -l*g + g + 58 = -5*o, o = -5*g + 394. What is the units digit of g?
8
Let n(r) = -r**3 + 31*r**2 - 26*r - 291. What is the units digit of n(23)?
3
Let f(k) = k**3 + 34*k**2 - 24*k - 78. What is the tens digit of f(-26)?
5
Let n(o) = o**3 - 6*o**2 + o + 16. Let w be n(7). Suppose 6*u + w = 600. Let k = u - -117. What is the units digit of k?
5
Let i = -6635 + 11246. What is the tens digit of i?
1
Let l(m) = -4*m - 16*m - 1 - 5 + 11. Let g be l(-6). Suppose -12*w = -7*w - g. What is the tens digit of w?
2
Suppose 0*z = -2*z - 80. Let q = z + 133. Suppose -q + 8 = -m. What is the tens digit of m?
8
Suppose -3*v + 283 = 2*q, q = 4*q + 12. Suppose 109*y - 9444 = v*y. What is the tens digit of y?
8
Suppose 5*i + 7998 = 4*c + 28621, -8257 = -2*i - c. What is the units digit of i?
7
Suppose 27*i + 1662 = 30*i. Suppose 2*v - 465 = 3*g, -2*v + i - 79 = -g. What is the units digit of v?
0
Let m(f) = 5677*f - 9462. What is the units digit of m(5)?
3
Let s = 33613 - 22454. What is the ten thousands digit of s?
1
Let n(k) = -k**2 - 10*k + 2. Suppose 2*w + 20 = -c, 2*w - 2*c = c - 12. Let v be n(w). Let l = v + 54. What is the units digit of l?
5
Suppose -16*n = -11*n - 1160. Suppose 0 = 17*a - 9*a - n. Suppose h - a - 31 = 0. What is the tens digit of h?
6
Let a be 88/20 - (-1)/5*-2. Suppose 2*i - 5 = a*k - 3, k - 5*i = -5. Suppose k = 4*o - 102 - 158. What is the tens digit of o?
6
Suppose 50295024 = 443*p + 415*p - 54*p. What is the ten thousands digit of p?
6
Let j(v) = -v**3 - 26*v**2 + 26*v - 16. Let b be j(-27). Let c be (4 - 2)*-1*-14. Let p = b + c. What is the units digit of p?
9
Suppose 2*z - 10 = k + 96, -k + 164 = 3*z. Suppose -6*j - z = -558. What is the units digit of j?
4
Let b(c) = 1396*c + 1519. What is the ten thousands digit of b(14)?
2
Suppose 3*w - 4684 = -5*p, -434*w + 436*w - 3*p - 3148 = 0. What is the hundreds digit of w?
5
Let z = 36350 - 17006. What is the thousands digit of z?
9
Let f(a) = -20*a + 29. Suppose -4*x - 30 = -42. Suppose 0 = x*v - 5*v - 12. What is the tens digit of f(v)?
4
Let i be (-2)/6 - (-28)/3. Suppose -i*p = -57 - 24. What is the tens digit of 452/p + (-16)/72?
5
Suppose -1309 = 22*w - 23441. Suppose -5*y = -1239 - w. What is the tens digit of y?
4
Let q(o) = -5*o**3 - 28*o**2 - 31*o + 4. Let w be q(-13). Suppose -24*v = 6*v - w. What is the tens digit of v?
2
Suppose 2*d = -4*r + 23978, d + 5*r + 0*r - 12007 = 0. What is the hundreds digit of d?
9
Let c(z) be the second derivative of z**3 + 26*z. Let f be c(3). Suppose 4*j = 12, -g + j + 73 = -f. What is the units digit of g?
4
Suppose 7329 - 293 = 2*c. Suppose -c = -7*v - 1054. What is the tens digit of v?
5
Let c = 239 + 103. Suppose 901 = 5*m - 4*f, 3*f - 6*f = 2*m - c. What is the units digit of m?
7
Let t(d) = -d**3 + 22*d**2 - 26*d - 9. Suppose -20*k + 0 = -180. What is the tens digit of t(k)?
1
Let q be ((-28)/(-3))/4 + (-54)/(-81). Suppose q*m - 1201 = 2*t, 0*m + 2*m + 4*t = 790. What is the hundreds digit of m?
3
Let i = 43831 + -26637. What is the tens digit of i?
9
Suppose 33*h = 16*h + 952. Suppose -5*d + 5*w = 185, 0 = -5*d - 3*w - 65 - 88. Let i = h + d. What is the units digit of i?
3
Suppose 190 - 60 = 10*p. Let c be 2/6 - (5/(-3) + 2). Suppose c*a + 598 = p*a. What is the tens digit of a?
4
Let q(s) = -7244*s - 358. What is the tens digit of q(-1)?
8
Let h(d) = -68*d**2 + 4*d + 13. Let r(t) = 33*t**2 - 2*t - 6. Let z(v) = 6*h(v) + 13*r(v). Suppose 2*q - 8 = 6*q. What is the units digit of z(q)?
8
Suppose 4*m + 63002 = 3*j, 5920 - 5944 = 3*m. What is the units digit of j?
0
Suppose 830*w = 663*w + 2456236. What is the units digit of w?
8
Suppose 503*g = 501*g + 5*u + 39309, 3*g = -5*u + 58926. What is the hundreds digit of g?
6
Suppose 5*q - 24201 = -3*m, -4*m + 22835 + 9433 = 5*q. What is the tens digit of m?
6
Let x be 22551/(-90)*-2 - (-56)/(-420). Let t = x - 286. What is the tens digit of t?
1
Suppose 0 = 6*f - 14*f - 136. Let b(u) = -40*u + 98. What is the hundreds digit of b(f)?
7
Let b be (20/25)/(1/(-5)) - -8. What is the thousands digit of b*1477/4*1?
1
Suppose -6*d + 40 = -16*d. What is the hundreds digit of -3*(d - -7) - -1162?
1
Suppose 5*p = -3*c + 1924, -2*c + 0*p + 1312 = -4*p. Let f be ((-16)/(-6))/(4*3/c). What is the units digit of 15/2*f/40?
7
Let l(m) = 216*m - 9. Let d be l(4). Suppose -3*r - 5*v = -d - 246, -4*r - 5*v = -1468. What is the hundreds digit of r?
3
Let m(t) = 3*t - 19. Let f be m(6). Let b be (f*1)/((-15)/60). Suppose b*g + q = 4*q + 448, -g + 129 = -5*q. What is the tens digit of g?
0
Let c be -3*5*6/45. Let v be 1 + 3 - 2 - c. Suppose -l - 2 = f - 47, -v*l + 181 = 5*f. What is the tens digit of l?
4
Let y be (-4)/(-14) - 6/21. Suppose b - 2 = -c, 0*c - 2*c + 2*b = -16. Suppose 0 = c*s + a - 9, 5 = 3*s + a - y*a. What is the units digit of s?
2
Suppose -15*l - 5872 = -17*l - 2*m, -7*m = 2*l - 5912. What is the units digit of l?
8
Let q(k) = -218*k**3 + 20*k**2 + 54*k - 11. What is the ten thousands digit of q(-4)?
1
Let p(l) = 146*l**3 - l**2 + 13*l - 33. What is the units digit of p(4)?
7
Let u = 606 - 188. Suppose -1736 = -6*g + u. What is the tens digit of g?
5
Let b be ((-1)/((-1)/50))/((-70)/140). Let l = 430 + b. What is the hundreds digit of l?
3
Let v(d) be the third derivative of -d**4/24 - 2*d**3/3 - 31*d**2. Let i be v(-15). Suppose -u + i + 27 = 0. What is the units digit of u?
8
Let j(q) = q**3 - 3*q**2 + 5*q - 6. Let l be j(2). Suppose -551 = -v - 3*k, -4*v - k = -l*k - 2149. What is the units digit of v?
6
Let k(y) = 49*y + 117. Let q be k(-6). Let r = q + 203. What is the tens digit of r?
2
Suppose 18*x - 11*x = 154. Suppose 5*p - 14 = 1. Suppose 0 = -p*r - 7 + x. What is the units digit of r?
5
Suppose 0 = 15*s + 110*s - 1536558 - 180317. What is the tens digit of s?
3
What is the tens digit of 513480/96 - (0 - (-2)/(-8))?
4
Suppose -2*x - 4*b = -6522, 0*b - 5*b - 13044 = -4*x. Suppose -x = -9*z + 6*z. What is the thousands digit of z?
1
Let h = 15604 - 12590. What is the hundreds digit of h?
0
Suppose -2 = 2*u - 12. Let n(p) = -p + u*p**2 - 1 - 8*p + 0*p + 5. What is the units digit of n(-3)?
6
Let i(y) = -y**3 + 7*y**2 + y - 10. Let m be i(7). Let p(n) = 35*n + 12. Let o(w) = -36*w - 15. Let g(l) = -3*o(l) - 4*p(l). What is the units digit of g(m)?
3
What is the tens digit of -3 + -1 - (3 + -1)*(-3130508)/268?
5
What is the thousands digit of 4*(-18)/(-24)*22574/6 - -1?
1
Let r(t) = 2323*t**3 - 20*t**2 + 4*t + 9. What is the hundreds digit of r(2)?
5
Let h(g) = -387*g + 427. What is the units digit of h(-15)?
2
Suppose 4*n - 148 = 6*n - 2*c, 0 = 3*n + 2*c + 212. Let a = n - -144. What is the tens digit of (a/12)/(3/22)?
4
Suppose 0 = f - 69*f - 48866 + 368194. What is the units digit of f?
6
Suppose -17*b + 115178 = -3*b. What is the tens digit of b?
2
Let u = -19043 + 28047. What is the tens digit of u?
0
Let f be 68/272*12/1. Let y(k) = -65*k + 233. What is the tens digit of y(f)?
3
Let c(b) = -11*b - 24. Let v be c(-3). Suppose -3*j + l + 1016 = 0, v*l - 11*l + 327 = j. What is the tens digit of j?
3
Suppose 1384 = -4*s + 12*